 7789. What is the hundreds digit of u?
5
What is the tens digit of (2 + (-7)/2)*((-8238600)/(-27))/(-23)?
0
Let c(y) = -2*y**2 + 4*y - 3. Let m(f) = 3*f**2 - 5*f + 4. Let n(b) = 4*c(b) + 3*m(b). Let j = 203 + -207. What is the units digit of n(j)?
2
Let w(a) = -1822*a**3 - 3*a**2 + 78*a + 165. What is the units digit of w(-2)?
3
Let s(i) = 3*i**2 + i + 9*i - i + 14. What is the tens digit of s(-5)?
4
Let y = 15570 - -4730. What is the tens digit of y?
0
Let i = -1179 - -44. Let z = -715 - i. What is the hundreds digit of z?
4
Suppose 31*k - 15*k - 32 = 0. Suppose -2*p - 2770 = -5*r - p, 4*r - 2202 = -k*p. What is the units digit of r?
3
Let t be ((-156)/20 - -7)/(2/5). What is the hundreds digit of t/10*-1473 + 4/10?
2
Let r(k) = -6*k + 48. Let m be r(-22). Suppose 4*a - o = 763, -2*a - o = -563 + m. Let i = a + -111. What is the tens digit of i?
8
Let n(w) = 3*w**2 - 2*w + 6. Let u(h) = -2*h**2 + h - 7. Let i(b) = -3*n(b) - 4*u(b). Let m be i(12). Let s = -60 - m. What is the tens digit of s?
5
Suppose 79*t = -3*t + 538576. What is the hundreds digit of t?
5
Suppose -17*d - 131 = -29. What is the units digit of ((-3)/(-9) + (-1652)/24)*d?
1
Let m(r) = r + 2. Let h(g) = 49*g - 154. Let y(l) = h(l) - 5*m(l). What is the units digit of y(16)?
0
Let r be 1 + (-2949)/6*(-2 - -6). What is the units digit of (10/(-3) + 3)/(1/r)?
5
Let b be 4 + (-6)/(-2) - 4. Suppose -4*u + 0*u - 86 = -b*s, -2*s + 4 = 0. What is the hundreds digit of ((-1006)/u - (-4)/20)*2?
1
Suppose 425 = -0*t + 5*t. Let w(l) = 52*l - 70. Let s be w(3). Let a = s - t. What is the units digit of a?
1
Let g = -79 + 88. Suppose -6*r + 9*r = g*r. Suppose r = 10*v - 1161 - 399. What is the tens digit of v?
5
Let l(d) = -10*d**3 + 5*d**2 - 13*d - 106. What is the thousands digit of l(-6)?
2
Let p(d) = 14*d**2 - 4*d**3 + 3*d**3 + 1 - 15*d + 11 - 12*d. Let k be p(11). Suppose k = -23*q + 25*q. What is the tens digit of q?
3
Let q(n) = -260*n + 7. Let p be q(2). Suppose w = 5*w + 60. What is the hundreds digit of p/(-5) + 9/w?
1
Let k(j) = -20*j - 4. Let v(q) = q**3 + 2*q**2 - 3*q - 3. Suppose 7*p + 3*p = -30. Let m be v(p). What is the tens digit of k(m)?
5
Suppose -3*m = -4*l + 14, 13 + 8 = 5*l - 2*m. Suppose -u - l*o = -599, -3*u + 2202 = -2*o + 473. What is the tens digit of u?
7
Let m(y) = 3459*y - 3184. What is the ten thousands digit of m(6)?
1
Let d = -25389 + 42695. What is the hundreds digit of d?
3
Let a(x) be the third derivative of 7*x**5/6 + x**4/24 + x**3 - 28*x**2. Let n be a(-2). Let k = n + -180. What is the hundreds digit of k?
1
Suppose -5*b + 4*b - 2 = 0, 0 = 4*a + 5*b - 10186. Suppose 5*f + 4*k - a = 0, 5*f - 2548 = -k - 2*k. What is the tens digit of f?
0
Let z be (-2)/(((-1428)/(-717))/2 + -1). Let w = 302 + z. Suppose -21*b + 16*b = -w. What is the tens digit of b?
5
Let c be ((-24)/(-9))/((-30)/(-9) - 3). Suppose 0 = -s + 3*s - c. Suppose 3*k - 2*u - 518 + 201 = 0, -527 = -5*k + s*u. What is the tens digit of k?
0
Suppose 0 = -2*c - 1902 + 12974. What is the tens digit of c?
3
Let s = 725 - 486. Suppose -10*g + s = 9. Suppose y - 5*o = g, -2*y + 0*y + 4*o = -46. What is the tens digit of y?
2
Let z be 15/(16/(-16) - 216/(-218)). What is the units digit of (1 - z/9) + 3/9?
3
Let k(u) = 71*u - 134. Let p(y) = 139*y - 267. Let z(j) = -5*k(j) + 3*p(j). What is the hundreds digit of z(4)?
1
Suppose -13*x + 4670 - 1537 = 0. Suppose -3*g + 3262 = x. What is the tens digit of g?
0
Suppose -h + 4*r + 8 = 0, 3*h + 32*r - 31*r - 89 = 0. Suppose h*j - 31*j = -279. What is the tens digit of j?
9
Suppose 0 = -x + 2079 + 3677 - 1270. What is the tens digit of x?
8
Let u(j) be the second derivative of -5*j**3/3 + 5*j**2 - 16*j. Let m be u(-11). Suppose 360 + m = 6*g. What is the tens digit of g?
8
Let a(j) = -j**3 - 23*j**2 - 10*j + 21. Let o be a(-22). What is the tens digit of (-2)/(-9) - 4077/o?
1
Suppose 552306 + 36384 = 211*u. What is the hundreds digit of u?
7
Suppose 4*g + 16789 = 4*c + g, 4*c = -5*g + 16829. Let q = 6249 - c. Suppose -6*b = -q + 518. What is the hundreds digit of b?
2
Suppose -8*h + 3*h - 10 = 0. What is the units digit of h/(-6) - 1/((-6)/4840)?
7
Suppose 2*k + 2*r = 15800, -39*r + 7914 = k - 36*r. What is the thousands digit of k?
7
Let q(i) = 34*i**3 + 14*i**2 - 13*i - 112. What is the hundreds digit of q(6)?
6
Suppose x + 6 = 5, 0 = i - x - 7. Suppose -i*m + 11 = -1. Suppose 10 = t + 4*t, -m*t = j - 70. What is the units digit of j?
6
Suppose 8 = 2*y + 2*y. Let g = -402 + 400. What is the tens digit of 621/9 - (g - y)?
7
What is the thousands digit of ((-1)/2)/(60/59960)*-18?
8
What is the tens digit of ((-200422)/69)/(((-1)/((-4)/(-8)))/21)?
9
Let m be (2 - 0/(-6))/((-8)/(-92)). Let a be (84/10)/(6/570). Suppose -m*u = -20*u - a. What is the units digit of u?
6
Let t = -3 - 5. Let g(a) = 7*a**2 + 32*a - 18. What is the units digit of g(t)?
4
Suppose -7*g + 11*g + 36 = 0. Suppose 0*y + 1665 = 5*y. What is the tens digit of y/6*((-3)/g - -1)?
7
Let p(z) be the first derivative of -z**2/2 + 15*z + 31. Let a be p(11). Suppose -a*b - 4*i = -2*i - 950, 0 = b + 4*i - 227. What is the tens digit of b?
3
Suppose -814578 = -118*j + 247068. What is the units digit of j?
7
Suppose w - 43628 - 3681 = -4*z, 4*w - 35472 = -3*z. What is the ten thousands digit of z?
1
Suppose -4*b + 117 = 1. Suppose 2*n = 2*o - 2, n - 23 = -4*o + o. Let x = b - o. What is the units digit of x?
3
Let n = -6 - -10. Suppose z = -n + 8. Suppose -z*v = 85 - 225. What is the units digit of v?
5
Let z(i) = -2*i**3 + 3*i**2 - 2*i + 1. Let y be z(1). What is the hundreds digit of 365 - 4 - (1 - y)?
3
Suppose 102*p + 91128 = 126*p. What is the units digit of p?
7
Suppose -8*a + 96 = -240. Let t(i) = 38*i - 292. What is the units digit of t(a)?
4
Suppose -18*u + 20*u = 4, 2*x + 5*u = 96. Suppose 47*z - 252 = x*z. What is the units digit of z?
3
Let d(c) = 4*c**2 - 9*c + 4082 + 6*c**2 - 4070. What is the hundreds digit of d(7)?
4
Suppose -5*s = -3*s + 2*o - 6376, 0 = 2*s - 4*o - 6346. What is the tens digit of s?
8
Let k be -660 + 2 - (4 + 1). Let c = k + 1321. What is the units digit of c?
8
Let p be (5 - (-1846)/10)/((-2)/(-20)). Suppose -5*v - k + 3931 + p = 0, v - 1161 = 2*k. What is the units digit of v?
5
Let i(q) = 7*q**2 - 2. Suppose 5*u + 18 = -17. What is the units digit of i(u)?
1
Let q(k) = 144*k**2 - 85*k - 624. What is the thousands digit of q(-8)?
9
Suppose 22*q = 25*q - 597. Let s = q + 75. What is the hundreds digit of s?
2
Let k(h) = -52*h**3 + 3*h**2 - 4*h - 4. Let t(g) = -52*g**3 + 2*g**2 - 3*g - 3. Let b(a) = -4*k(a) + 5*t(a). What is the tens digit of b(-2)?
0
Let w be (-294)/4*(196/(-21))/14. Let k be (67 + -4)*(3 - -1). Suppose w*v - k = 46*v. What is the units digit of v?
4
Let l(r) = -11*r + 3*r**3 + 3741*r**2 + 3*r**3 - 3730*r**2 - 5*r**3 + 1. What is the hundreds digit of l(-11)?
1
Let w be 2*9/(-6)*1 + 383. Suppose -32 + 7 = -5*f. Suppose -w = -4*s + 2*a, -f*s - 55 = -2*a - 528. What is the tens digit of s?
9
Let l(f) = 659*f**2 + 312*f - 2859. What is the thousands digit of l(9)?
3
Suppose 5*c + 1 = 51. Suppose 0*j - c*j = -4780. What is the tens digit of j?
7
Let u = 131 + -564. Let z = -255 - u. What is the hundreds digit of z?
1
Let n = -7332 + 14513. What is the thousands digit of n?
7
Suppose 0*v - 20 = -2*v. Let t(s) = -s**2 - 6*s - 5. Let g be t(-4). Suppose -v*m = g*m - 338. What is the tens digit of m?
2
Let a be (-4)/26 + 0 + 2128/(-26). Let j = a + 140. What is the tens digit of j + (4 - 0) + -1?
6
Suppose -2*q + 41 = 5*t, -q = -6*q + 5*t + 15. What is the hundreds digit of ((-2)/q + (-1)/1)*-172?
2
Suppose -3*n + 486 = 3*a, 0*n = -4*n + 3*a + 641. Suppose -c = -0 - n. Suppose 10*u = 9*u + c. What is the hundreds digit of u?
1
Suppose 14 = -9*v + 8*v + 4*s, -150 = 5*v - 4*s. Let x(h) = 43*h - 3. Let f be x(2). Let r = v + f. What is the tens digit of r?
4
Let f(i) = -26*i**2 + 100*i + 139. Let l(t) = -72*t**2 + 300*t + 416. Let s(o) = -11*f(o) + 4*l(o). What is the units digit of s(49)?
3
Let a be ((-2)/2)/((-1)/11). Suppose a*b - 16*b + 450 = 0. Let k = b + -25. What is the tens digit of k?
6
Let w(i) = i**2 - 5. Let d(s) = -2*s**2 - 11*s + 11. Let j be d(-6). Let o be w(j). What is the units digit of o + -1 - (-12 + 11)?
0
Let w(b) = -b**3 + 5*b**